et x = 5 + -8. Calculate the remainder when 2 is divided by 0/x + 2*u.
0
Let c be 5/((9/(-3))/(-6)). Suppose 2*r + 2*g - 5*g - c = 0, 2*g = 2*r - 8. What is the remainder when 3 is divided by r?
1
Suppose 16 = 4*c, -2*c - 3*c + 55 = u. Calculate the remainder when 101 is divided by u.
31
Let o = 5 - -5. Suppose 73 = 2*m - 3*l, 4 - o = -2*l. Calculate the remainder when m is divided by 14.
13
Suppose 0 = -2*j - 0*j + 12. Suppose 4*s + 5*s - 153 = 0. Calculate the remainder when s is divided by j.
5
Suppose -2*p - 19 = -2*z + 5, -4*z + 51 = -5*p. What is the remainder when z/3*4/3 is divided by ((-2)/4)/((-1)/4)?
0
Suppose 0 = d - 3*d + 32. Suppose 0 = -n - 4*n - 5. Let v(r) = -10*r**3 - r**2 + r + 1. What is the remainder when d is divided by v(n)?
7
Suppose -3*i - 2*o = -13 - 124, 237 = 5*i - o. Calculate the remainder when i is divided by 6.
5
Suppose 4*z = -3*y + 7*y - 12, -3*z + 27 = 3*y. What is the remainder when y is divided by (9/(27/(-12)))/(0 + -2)?
0
Suppose 2*k + 8 = v - 2, -4*k = 0. Let m = 6 + v. Suppose -y - 2*x + 27 = 0, x - 8 = 5*x. What is the remainder when y is divided by m?
15
Suppose 2*z = -5 - 5, -2*u + z = -39. Let i = 65 - u. What is the remainder when i is divided by 10?
8
Let w = -4 - -8. Suppose q - 15 = 2*r, -3*r = -4*r + w. Calculate the remainder when 44 is divided by q.
21
Let s(c) be the third derivative of c**6/120 + 7*c**5/60 - c**4/12 - 2*c**3/3 + 3*c**2. Let h = -15 - -34. What is the remainder when h is divided by s(-7)?
9
Suppose 179 = 5*n + 29. Let q be (-4)/((-8)/10)*10. Let s = q - n. What is the remainder when s is divided by 11?
9
Let y(a) = -a**2 - 5*a. Let p be y(-4). Suppose p*s = -0 + 16. What is the remainder when (-2)/10 - 124/(-20) is divided by s?
2
Suppose -z + 2*q - 38 = -4*z, 3*z - 5*q = 52. Calculate the remainder when 193 is divided by z.
11
Let c(g) = 4*g - 3. Let d(a) = -3 - 1 - 3*a + 3. Calculate the remainder when c(2) is divided by d(-1).
1
Let h(w) = w**3 + 11*w**2 - 15*w - 14. Suppose 0 = -2*z + 7*z - 30. What is the remainder when h(-12) is divided by z?
4
Suppose -2*p - p = -2*b + 49, b + p - 37 = 0. What is the remainder when b is divided by 17?
15
Let v(w) = 15*w**2 - 3*w - 1. Suppose -y = 4*a + 6, 5*a + 5 = -y - 2. Let s be ((-2)/(-2))/(1/y). What is the remainder when v(s) is divided by 22?
21
Suppose 0*u - 3*u - 769 = -5*m, m - 153 = u. Calculate the remainder when m is divided by 26.
25
Let q(d) = d - 4. Let h be q(6). Let m = -1 + h. Calculate the remainder when 5 is divided by -2*(m - 0) - -4.
1
Suppose -3*c + 10 + 29 = 0. Let d = 3 + c. Calculate the remainder when 29 is divided by d.
13
Let j(f) = -f**2 + f. Let w(x) = x**3 + 11*x**2 - 5*x + 10. Let h(c) = 2*j(c) + w(c). Calculate the remainder when h(-8) is divided by 25.
23
Let w = 2 - 2. Let p = 37 + w. What is the remainder when p is divided by 13?
11
Let q be (-3 + 2)/(1/(-2)). Let u(c) = -c**2 - 9*c - 9. Let n be u(-8). Let g = q + n. What is the remainder when g is divided by 1?
0
Suppose 3*o - 1 = -5*p + 21, -p + 2*o + 7 = 0. Calculate the remainder when 14 is divided by p.
4
What is the remainder when (-57)/(-4) - 1/4 is divided by 3?
2
Let c = 12 + -6. Let w be -17 + c/(-2) + 6. Let f = w + 48. Calculate the remainder when f is divided by 12.
10
Let o = 7 + -2. Suppose 0 = -j - 3*j - 3*x + 155, 0 = o*j + 4*x - 194. What is the remainder when j is divided by 20?
18
Let q(a) = a**2 + 3*a**2 + 10*a - 2*a**2 - 8. Let u(j) = j**3 + 6*j**2 + 5*j + 2. Calculate the remainder when q(-8) is divided by u(-4).
12
Suppose 5*r = -b - 13, -b - 2*r + 3 = 7. Suppose 23 = -b*l + 63. Calculate the remainder when 58 is divided by l.
18
Let j be ((-9)/(-18))/((-2)/(-12)). Suppose 3*o - o - 2*k = 34, -3*o = j*k - 45. Calculate the remainder when (-5)/((-15)/144) - 2 is divided by o.
14
What is the remainder when 93 is divided by -1 + -50*3/(-6)?
21
Let z = 190 + -93. Suppose -4*u + z = 5. What is the remainder when u is divided by 12?
11
Let y(o) = -o. Let t(c) = -2*c**2 - 1. Let b(v) = -t(v) - 2*y(v). Let r(n) = n**2 - 5*n - 1. Let z be r(5). What is the remainder when b(z) is divided by 1?
0
Let o = -2 - -8. Suppose -r - h + 19 = -o*h, -3*r = 3*h - 39. Suppose 3*t + 2 = r, -5*t = 2*y - 72. What is the remainder when y is divided by 9?
8
Let s = -60 - -79. What is the remainder when s is divided by 4?
3
Suppose 0*g + 5*g = 60. What is the remainder when 35 is divided by g?
11
Let n(a) = -3*a**3 + a**2 + a + 1. Let r be n(-1). Let c be (r/10)/((-2)/20). Let w(l) = -l**2 - 8*l + 5. Calculate the remainder when 62 is divided by w(c).
20
Suppose -39*t = -37*t - 22. Calculate the remainder when 42 is divided by t.
9
Calculate the remainder when 96 is divided by 5*55/(-100)*6*-2.
30
Suppose 5*u - 4*x + 2*x = 106, -2*u - 2*x + 48 = 0. Suppose -u = -p - p. Calculate the remainder when p is divided by 4.
3
Calculate the remainder when 63 is divided by 40/2 + 40/(-10).
15
Suppose -2*x - 3*x + 136 = 3*h, 0 = -x + 2*h + 22. What is the remainder when 102 is divided by x?
24
Let o be (-465)/6*(-4)/5. Suppose -5*i + 322 - o = 0. Calculate the remainder when i is divided by 18.
16
Let x be (1 - 1) + (229 - -5). Suppose 7*a = 2*a - 2*j + x, 0 = -3*j + 6. What is the remainder when a is divided by 24?
22
Let a(x) = 3*x**2 - 7*x + 4. Let i be a(4). Suppose 2*u = i + 28. Suppose -5*j - 25 = 0, 0*t + 3*j + 85 = 5*t. Calculate the remainder when u is divided by t.
12
Let u(b) = b**3 + 4*b**2 - 6*b - 6. What is the remainder when 34 is divided by u(-4)?
16
Let h(b) = 2*b**2 + 8*b + 6. Calculate the remainder when 29 is divided by h(-5).
13
Let s(y) = 9*y**2 + y - 4. What is the remainder when s(-2) is divided by 11?
8
Suppose 4*y - 22 = -2*h, y + 18 = 5*h - 4. Suppose -q = -4 - y. What is the remainder when q is divided by 5?
2
Suppose 0 = 4*m - h - 164, 7*m - 2*m - 3*h - 212 = 0. What is the remainder when 157 is divided by m?
37
Let l be (0 + 25/(-3))*3. Let k = -12 - l. What is the remainder when 38 is divided by k?
12
Suppose -y + 445 = 4*y. Suppose 5*s = -14 + y. Suppose -s - 35 = -5*c. What is the remainder when 29 is divided by c?
9
Let b = 32 + 14. Calculate the remainder when b is divided by 12.
10
Let i(j) = j**3 - 2*j**2 + 5*j + 5. Let o be i(5). Suppose 0 = 5*r, 8*m - r - o = 3*m. What is the remainder when 61 is divided by m?
19
Suppose 2*j - 154 = 18. What is the remainder when j is divided by 22?
20
Let p = -52 - -104. What is the remainder when p is divided by 27?
25
Let o(c) = c**2 + 4. Let z be o(-4). Suppose 9*q = 4*q + z. Suppose 4*v = 3*u + 12, -v + 10 + 16 = 5*u. What is the remainder when v is divided by q?
2
Let g(m) = -m**2 + 8*m + 11. Let a be g(9). Suppose 2*s - 16 = -a*s. What is the remainder when 14 is divided by s?
2
Suppose 2*z + 5 = 39. Let n = 130 - -20. Suppose 50 = 4*a - n. Calculate the remainder when a is divided by z.
16
Let o(z) = 46*z**3 - 2*z**2 + 1. Calculate the remainder when o(1) is divided by 24.
21
Suppose 0 = -5*z + 2*r + 6, -3*z + 4*z + 3*r - 8 = 0. What is the remainder when ((-7)/z)/(2/(-4)) is divided by 4?
3
Let n be (0/(-4 + 2))/(-1). Suppose -5*q - 4*x + 60 = n, 3*q + 8*x = 3*x + 23. Calculate the remainder when q is divided by 6.
4
Suppose k - 2 = 8. What is the remainder when k is divided by 8?
2
Suppose -4*q = -3*d - 17, d + 3 = 2*q - 4. Let i = 15 - 0. Suppose -i = -4*y + 9. Calculate the remainder when y is divided by q.
0
Let h = 0 - -2. Suppose h*f - 3 = 3*f. Calculate the remainder when 2/f + 390/18 is divided by 11.
10
Let g = 21 - 11. What is the remainder when 28 is divided by g?
8
Calculate the remainder when 20 is divided by 4/5 - (92/(-10) + -1).
9
Let n = 35 - -18. What is the remainder when n is divided by 28?
25
Suppose -g + 2*h + 15 = 0, 4*h + 2 + 10 = 0. What is the remainder when 105 is divided by g?
6
Let p be (-1 + -9)*(-4)/(-8). Let w = 1 + p. What is the remainder when w/(-8) + 43/2 is divided by 8?
6
Calculate the remainder when 341 is divided by 1554/36 + (-3)/18.
40
Let t = -11 - -13. Calculate the remainder when 5 is divided by t.
1
Let a(s) = -5*s**2 - s - 9. Let w be a(6). Let k = -113 - w. What is the remainder when k is divided by 21?
19
Let i = 1 + 5. Calculate the remainder when ((-50)/i + 3)*-3 is divided by 6.
4
Suppose 0 = -n - 3*n + 172. What is the rema